 r be (-13)/78 - (-38)/12. Suppose 2*z = 2*d + r*z + 3, -3*d + 5*z = 24. Calculate o(d).
-45
Let g = -774 - -774. Let u(p) = p**3 - p**2 - 8*p - 1. Let h be u(g). Let k(w) = 2*w**3 + 0*w + w - 10*w**3. Determine k(h).
7
Let z(f) = -f**2 + 6*f + 1. Suppose 6*h - 19 = 5. Suppose 4*d + 12 = 5*u - 2*u, -u - 4 = -h*d. Suppose -u*p + 18 = -5*p. Determine z(p).
1
Let r(a) = -a**3 + 10*a**2 - 4*a - 10. Suppose 380*g = 24*g + 1411 + 1793. What is r(g)?
35
Suppose m - 5*g = -3*g - 41, 2*g - 229 = 5*m. Let u = -43 - m. Suppose 7*s - u*s = -3. Let h(l) = -l**3 - 2*l**2 - l. Give h(s).
0
Let x(y) = 2*y**2 - 13*y + 20. Let a(w) = w**3 + 3*w**2 + 31*w + 209. Let v be a(-5). Calculate x(v).
0
Let h(o) = 5*o + 1. Let d(r) = 6*r - 23. Let l be d(5). Let g be (-3)/l + -3 + 34/14. Give h(g).
-4
Let d be (-7)/1*(-2 - (-6 - -3)). Suppose 2*w + 1 = -3. Let c(x) = -4*x + 3. Let h(p) = p - 1. Let m(v) = d*h(v) + w*c(v). Determine m(5).
6
Let h(x) = -29*x + 294 - 405 + 437. What is h(11)?
7
Let s(q) be the third derivative of q**5/60 + q**4/4 - 7*q**3/6 - q**2. Suppose 3 = -j + 3*x, -2*j = -5*x + 2*x - 3. Suppose -61 = j*k - 25. Calculate s(k).
-7
Let o(u) be the first derivative of u**4/2 - u**3/2 - 3*u**2/2 + 69*u + 100. Let n(p) be the first derivative of o(p). Give n(3).
42
Let w(v) = -11*v**2 + 10. Let s be 24/28*(-42)/9. Let k(x) = -8*x**2 + 10. Let a(q) = s*k(q) + 3*w(q). What is a(0)?
-10
Let x(l) = 17*l**3 - 12*l**2 + 13*l + 17. Let k(m) = 38*m**3 - 23*m**2 + 20*m + 35. Let f(p) = -4*k(p) + 9*x(p). What is f(13)?
-13
Let f = 38 + -15. Suppose p - 5 = 3*t + f, 2*p - 41 = t. Suppose 3*h = -2*x + 17, x + 3*x - p = -h. Let j(o) = 2*o**2 - 2*o + 1. Calculate j(h).
13
Let r(b) be the first derivative of -b**5/20 - 5*b**4/12 - 7*b**3/6 - 3*b**2 - 81*b - 28. Let w(q) be the first derivative of r(q). Give w(-4).
6
Let o(a) = a**3 - a**2 - 7. Let u(n) = 3*n**3 + 3*n**2 - 4*n - 30. Let k(y) = -2*o(y) + u(y). Calculate k(-2).
4
Let w(s) = 2*s**3 - 72 + 28 + 17 - 7*s**2 + 26 + 5*s + 0*s**2. What is w(4)?
35
Suppose 21*q - 14*q - 4102 = 0. Let c = -592 + q. Let o(v) = -2*v**2 - 8*v. Calculate o(c).
-24
Let a(b) be the second derivative of b**4/4 - 5*b**3/6 - 4*b**2 + 92*b. Let i(m) = -2*m**2 + m + 1. Let g(v) = a(v) + i(v). Calculate g(5).
-2
Let f(q) = -4*q. Let g = -18 + 13. Let a be (-15)/(-3) + g - 5. Determine f(a).
20
Let k be 34 - (5 - -2) - 6. Let p be ((-6)/k)/(-3*(-16)/(-168)). Let d(g) = -27*g**3 + 2*g**2 - g. Determine d(p).
-26
Let p(z) = 47*z**3 + 11*z**2 + 13*z + 41. Let u(s) = 21*s**3 + 4*s**2 + 7*s + 20. Let k(d) = 4*p(d) - 9*u(d). Give k(4).
4
Let n be 3/21 - (-3060)/238. Let z(g) be the second derivative of 1/3*g**4 + n*g + 2/3*g**3 - 1/20*g**5 - 1/2*g**2 + 0. Calculate z(5).
-6
Let b(t) = t**2 + 5*t - 18. Let o(c) = 6*c + 312. Let v be o(5). Let l = v + -350. Determine b(l).
6
Let q be 10/(-35) - 165/35. Let m(c) = -19*c + 1. Let b(v) = -37*v + 2. Let k(t) = q*m(t) + 3*b(t). Suppose 4*i - 4 = -0. Determine k(i).
-15
Suppose 37*c = 50*c - 52. Suppose -48 = 3*o - 12*m + 10*m, -c*o = 4*m + 44. Let u(d) = d**3 + 13*d**2 - 15*d - 13. Calculate u(o).
1
Let u = 300 - 246. Suppose 26*j + u - 236 = 0. Let r(q) = q**2 - 7*q - 1. What is r(j)?
-1
Let p(g) = 5*g - 10. Suppose 0 = -10*u + 7*u - 6. Let o(f) = 28*f - 49. Let b(c) = u*o(c) + 11*p(c). Calculate b(-8).
-4
Let t(i) be the second derivative of 13*i**3/6 + 3*i**2 - 2*i + 567. What is t(-1)?
-7
Let g(r) be the second derivative of r**5/20 - 5*r**4/4 - 17*r**3/6 - 29*r**2/2 - 106*r + 8. Calculate g(16).
-45
Let x(s) = s**2 - s. Let i(a) be the second derivative of -1/3*a**3 - 46*a + 5/12*a**4 - 5/2*a**2 + 0. Let b(p) = -i(p) + 6*x(p). What is b(4)?
5
Let t be 26 + 2 - 63/3. Let h(v) = -9*v + v**2 + 5 - 1 + 1. Determine h(t).
-9
Let p(d) = -7*d**3 + d**2 - d + 1. Let g be p(1). Let i(a) = 3*a - a**2 + 10 - 62 + 13 + 0 + 41 + 6. Calculate i(g).
-46
Let p be ((-1 - 0)/(-1))/(-1). Let n(v) be the first derivative of -v**2/2 + v - 1439. Determine n(p).
2
Let t be (5 - 7)*(-2)/(-2)*1. Let o be (-7 + t)*(0 - 1). Let s(x) = x**3 - 10*x**2 + 10*x - 8. Determine s(o).
1
Let j = 196 - 167. Let r(g) = -j*g + 5*g + 4 + 12*g + 11*g. Give r(-5).
9
Suppose 1851 = 12*c - 861. Let w = c - 230. Let f(u) = 3*u - 4. Determine f(w).
-16
Let x(i) = i**2 + 4. Let d(a) = -a**2 - 5. Let f(c) = 4*d(c) + 5*x(c). Let p(r) = -6*r. Let v(k) = f(k) + p(k). Let t = -950 + 957. What is v(t)?
7
Let d be (2/(-4))/(3/30). Let j(k) be the first derivative of k**4/4 + 2*k**3 + 5*k**2/2 + 3*k + 1507. Give j(d).
3
Let x(j) = -j**2 - 27*j - 156. Let w be x(-17). Let v(t) = 5*t - 67. Let h be v(w). Let u(p) = -5*p + 1. Calculate u(h).
-14
Let i(f) = f**3 + 3*f**2 + 2*f - 2. Let r be 146 + (-9 - (-9)/3 - -3). Suppose 0*q = -3*q - 5*s + 202, 2*q = 5*s + r. Let l = 67 - q. Give i(l).
-2
Suppose -m = -2*m + 56. Let z be 128/m + (-2)/7. Let w(g) = -8*g + g**z - 6*g**2 + 10*g + 1. Calculate w(-1).
-6
Let d(f) = -31*f + 682. Let m be d(22). Let q(z) = 3*z + z**2 + 164 - 3*z - 157. What is q(m)?
7
Let s(u) = -5*u**3 - 3*u**2 - 2*u + 13. Let f be s(0). Let c(l) = -l - 11. Calculate c(f).
-24
Suppose 14 = -2*q - 0. Let p(d) = 2*d + 18. Let j be p(q). Let v(r) be the first derivative of -2*r**3/3 + 7*r**2/2 - 4*r - 3. Calculate v(j).
-8
Let k(o) be the third derivative of 3*o**5/10 + 41*o**4/24 + 2*o**3/3 - 10612*o**2. Calculate k(-2).
-6
Let c(x) = x**3 + 11*x**2 + 40*x - 10. Let o be c(-5). Let l be (216/(-180))/((-9)/o). Let s(v) = 5*v**2 + 2*v**2 + 0*v**3 - 1 + v**3 - 8*v. Determine s(l).
-1
Let r(l) = 27*l**2 + l + 5 + 7*l - 28*l**2 + 175 + 3*l. Determine r(-9).
0
Suppose -479 = 377*h + 1783. Let w(b) = -b. Let t(p) = -3*p - 7. Let s(d) = -t(d) - w(d). Determine s(h).
-17
Let z(b) = -b**3 + 11*b**2 - 3*b + 15. Let u be z(11). Let t be (7 + 50/(-6))/((-4)/u). Let m(f) = f**2 + 3*f - 3. Determine m(t).
15
Let r(j) be the third derivative of -j**5/30 - 2*j**4/3 + 2*j**3 - 13*j**2 + 76*j. Give r(-10).
-28
Suppose -3*b = -4*b. Suppose 3*k + 4*g - 25 = b, 0 = k - 3*k + 5*g - 14. Suppose -15*z = -k + 18. Let c(y) = -11*y - 1. What is c(z)?
10
Let k be 1332/30 + (-4)/10. Let m = 40 - k. Let l(x) = 14*x**2 - 6*x - 2 - 15*x**2 + 0*x. Calculate l(m).
6
Let b(u) = 2 - u**2 - 6*u + 6*u + u - u**3. Let h be -5 + (-4)/((-20)/295). Suppose -h*a = -56*a - 4. Determine b(a).
4
Let c(d) = 31*d - 38. Let r(k) = 9 - 13*k - 4*k - 26*k + 36*k. Let u(h) = 6*c(h) + 26*r(h). Calculate u(-5).
-14
Let g(k) = 0*k**2 + 17*k**2 - 8*k + k - 18*k**2 + 2. Give g(-8).
-6
Let m(q) = 65*q + 13. Let s(l) = -38*l - 8. Let t(d) = -3*m(d) - 5*s(d). Give t(2).
-9
Let n(f) = 5*f - 99. Let i = 10048 - 10025. Give n(i).
16
Let u be (18/8)/(2/32). Let m = u + -34. Let p(l) = 0 - l**2 - m + 4 - 4*l. Give p(-5).
-3
Let p(s) = -238 - 11*s + 240 + 5*s. Let a(v) = -v**2 + 5*v + 22. Suppose -4*f = -f - 6, -3*o = 4*f + 1. Let n be a(o). Determine p(n).
14
Let p(l) = l**3 - 5*l**2 - 5*l - 8. Let c(s) = 3*s + 48. Let z be c(-22). Let h be (-2)/(-8) - z/(-8). Let b(g) = -g**3 - g**2 + 2. Let i be b(h). What is p(i)?
-2
Let w(h) = h**3 - 4*h**2 + 15*h - 53. Let m be w(4). Let c(i) = i**2 - 11*i - 9*i + m*i + 9*i - 3. What is c(6)?
9
Let u be 192/(-36) - ((-5)/4 + 38/(-8)). Let k(n) be the second derivative of -1/6*n**4 + n**2 + 0 + u*n**3 - 20*n. Give k(4).
-14
Let h(v) = -5*v - 8. Let j(z) = 7*z - 2. Let i(r) = 4*h(r) + 3*j(r). What is i(26)?
-12
Suppose 3*d = 4*q + 24 + 31, 3*d - 3 = 0. Let g(s) = 9*s**2 + 13*s - 5. Let f(p) = -16*p**2 - 26*p + 10. Let v(j) = 4*f(j) + 7*g(j). Give v(q).
5
Let j(l) = l**3 - l**2 + 2*l - 4. Let r be 2*(-9)/144*-24. Give j(r).
20
Let s(o) = 7*o**2 + 2*o + 8. Let l(v) = -6*v**2 - 3*v - 8. Let h(c) = 6*l(c) + 5*s(c). Let b = 390 + -126. Suppose b*d = 258*d - 36. Determine h(d).
4
Let v(b) be the third derivative of -b**6/120 + b**5/60 - b**4/12 + 7*b**3/2 - 221*b**2 - 14*b. Give v(0).
21
Let d(y) = -5*y**3 - y**2 - y - 1. Let q be d(-1). Suppose 72 = 196*j - 172*j. Let n(z) = q*z**2 - 2*z**2 + 0 - z**j + 2*z**2 - 2. Calculate n(3).
7
Suppose 5*w + 14 = 4. Let g be -6*(2 + 7/w). Let c(r) be the third derivative of r**6/120 - 3*r**5/20 + r**4/24 - 2*r**3/3 - 69*r**2 - 3. Give c(g).
5
Let t(u) = -7*u + 69. Let n(c) = -30. Let q(o) = 2*n(o) - t(o). Calculate q(18).
-3
Let x(o) = 44*